. Calculate the highest common factor of x and 4.
4
Let c(l) = l**2 - 6*l + 3. Let m be (2*12)/4 + 1. Let r be c(m). What is the greatest common divisor of r and 5?
5
Let b = 7 - 3. Suppose 20 = b*v - 2*v. Calculate the highest common factor of v and 30.
10
Suppose 3*l - 125 = -w + 8*l, 3*w - 2*l - 440 = 0. Calculate the greatest common factor of 30 and w.
30
Suppose -3*n - n = -4. Let k be -4 - -4*(-3)/(-6) - -2. Suppose d - 6 = -4*g, n = -g + d - k*d. What is the highest common factor of 4 and g?
1
Let z be ((-3)/3)/((-3)/12). Let c = -8 - -13. Suppose p + 4 = 2, c*v = -3*p + 74. What is the highest common factor of v and z?
4
Suppose 8 - 4 = 2*c. Suppose 281 = 4*g + 5*w, c*w - 268 = -5*g + 62. What is the highest common divisor of 16 and g?
16
Let i(z) = -10*z**2 - 2*z - 1. Let o be i(-1). Let f be (-8)/(-12)*o/(-6). Let v be (1 - 2)/(1/(-1)). What is the highest common divisor of v and f?
1
Suppose -2*p = -57 + 9. Let g = -3 + 11. Calculate the highest common divisor of p and g.
8
Suppose 7*t - 6*t - 22 = 0. Suppose 5*s - 4*s - t = 0. What is the highest common divisor of s and 55?
11
Let f(m) = m**3 + 2*m**2 + m - 3. Let a be 3/1 + 0 + 0. Let t be f(a). Let g = 6 - -9. Calculate the highest common divisor of t and g.
15
Let l = 157 + -94. Calculate the greatest common divisor of l and 42.
21
Let j(u) = 5*u + 1. Let w be j(4). Let d = -18 + w. Calculate the highest common divisor of d and 15.
3
Let h be 12*1 - (-2)/(-2). Suppose 4*c + 59 - 323 = 0. Calculate the highest common factor of c and h.
11
Suppose -m - 3*d = -21, 21 = m - 3*d + 2*d. Calculate the highest common divisor of 63 and m.
21
Let s = 578 + -308. Let k = -47 - -74. What is the highest common divisor of k and s?
27
Let u(l) = -l**3 + 9*l**2 + 2. Let c be u(8). Calculate the greatest common factor of 6 and c.
6
Let w = 3 + -4. Let p(a) = 46*a**3 + a**2 - a - 1. Let t be p(w). Let v be t*(2 - 3/1). What is the greatest common divisor of v and 9?
9
Suppose 0 = -18*r + 6*r + 252. What is the greatest common divisor of r and 42?
21
Let a(u) = 3*u**2 + 4*u + 2. Let f be a(-2). Suppose -5*m = -2*m. Suppose 5*s - 60 + m = 0. Calculate the highest common factor of s and f.
6
Suppose -4*c = -5*u + u + 396, 3*c = 0. Suppose 0*z + 3*z - 33 = 0. Calculate the highest common factor of z and u.
11
Let x = 72 + -56. Calculate the highest common factor of x and 16.
16
Let l be (12/15)/((-3)/(-45)). What is the highest common factor of 30 and l?
6
Suppose -f + 5*i + 12 = 0, 2*f = 7*f + 4*i - 89. Let b(u) = -36*u + 7. Let g be b(-5). What is the highest common divisor of f and g?
17
Let c be -1 - 1 - 16/(-1). Let t = 88 - 60. Suppose -p + 0*p = -t. Calculate the greatest common factor of c and p.
14
Suppose 6*f - f - 550 = 0. Calculate the greatest common factor of f and 10.
10
Suppose 5*v = -2*z + 3*z + 29, 3*v = -z + 11. Let k be (4/z)/(1/(-7)). Let h(c) = c - 2. Let y be h(k). Calculate the greatest common factor of y and 5.
5
Let k be 39 + (4 + -2 - 1). Let l be 4/((-4)/3) - -19. What is the greatest common factor of l and k?
8
Suppose 112 = 4*p + 5*l, -p - 3*l = 2*l - 43. What is the greatest common factor of p and 92?
23
Let q(h) = 6*h - 8. Let p be q(6). Suppose -4*n = -2*n - p. Calculate the highest common divisor of n and 70.
14
Suppose -7*z + 8*z - 176 = 0. Calculate the highest common divisor of 22 and z.
22
Suppose 0 = 5*k + 2*q - 32, k - 8 = -k + 4*q. Suppose 0 = k*n - 147 - 117. What is the greatest common divisor of 11 and n?
11
Let y = -2 + 3. Suppose 0 = -4*l + 4*x + 52, -x = 4*l - 2*x - 37. Let t = l + 0. What is the greatest common divisor of y and t?
1
Let s be 1*60*-3*4/(-10). What is the greatest common divisor of s and 180?
36
Let i(v) = 2*v**2 + 3*v - 2. Let g be i(4). Let h = g - 23. Suppose -2*y + f = 4*f - h, -3*y + 3*f = -51. What is the highest common divisor of 14 and y?
14
Let n = 0 - -3. What is the greatest common divisor of 24 and n?
3
Let u be (2 - (0 - 0)) + 6. Suppose -y + 64 = -u. What is the highest common factor of 9 and y?
9
Let n(u) = 3 - 2*u + 2 + 3*u. Let i be n(-3). Suppose i*x = 5*t + 40, 5*t = 21 - 1. What is the greatest common factor of x and 15?
15
Let v(a) = -71*a**3 - 2*a**2 + 1. Let g be v(-1). Suppose -8*k + g = -3*k. What is the greatest common factor of k and 2?
2
Let n = -82 - -178. Suppose 4*p - 104 = 2*f, -5*p + 36 = -2*f - n. Calculate the highest common divisor of p and 70.
14
Let w be (-1)/(-1*4/52). What is the greatest common factor of 52 and w?
13
Let x(l) be the second derivative of -l**3/3 - 3*l**2/2 - l. Let q be x(-8). What is the highest common factor of 104 and q?
13
Suppose 4*k - 8*y - 124 = -3*y, 3*y + 60 = 2*k. Calculate the highest common divisor of k and 9.
9
Suppose 0*d + 5*d + 255 = 5*t, t + 5*d = 51. Let q = -52 + 86. Calculate the highest common divisor of q and t.
17
Let d be 3/9 - (-34)/6. What is the greatest common divisor of 42 and d?
6
Suppose 3*q = -4*k + 15 - 3, -k = 3*q - 12. Let s(p) = -p**3 + 4*p**2 + 3*p + 3. Let h be s(q). What is the highest common factor of 6 and h?
3
Let j = 38 - 17. Calculate the highest common divisor of 21 and j.
21
Let c be (-2*1)/6*-12. Let j = 7 - c. Suppose 6*n - 141 = -4*p + j*n, -2*p = -2*n - 74. What is the highest common divisor of 90 and p?
18
Let j(m) = m**3 - 10*m**2 - m + 14. Let y be j(10). Suppose -y*s + 6 = -2*s. Calculate the greatest common factor of 21 and s.
3
Let h(v) = -5*v + 6*v + 5*v. Let p be h(6). What is the greatest common divisor of 4 and p?
4
Let h = 14 - -45. Let u be 4/16 + h/4. Calculate the highest common factor of u and 45.
15
Let i = 84 - 80. What is the highest common factor of 28 and i?
4
Suppose 4*w - 84 = -2*m, 4*w - 43 - 41 = m. Calculate the highest common factor of w and 42.
21
Let c(v) be the second derivative of v**4/4 - v**3/3 - v**2 + 8*v. Let q be c(5). What is the highest common factor of q and 42?
21
Let l(s) = -7*s - 7. Let v be l(-2). Calculate the greatest common factor of 21 and v.
7
Let j(g) = -g - 2. Let h be j(-7). Suppose -2*m - h = 3. Let o = 6 + m. What is the highest common factor of 2 and o?
2
Let j(n) = -6*n**3 - n**2. Let o be j(1). Let g(i) = -i**2 - 6*i + 7. Let w be g(o). Suppose -f = -w*f - 60. What is the highest common factor of 24 and f?
12
Let m be ((-11)/(-3) + -3)*36. Let n = m - 12. What is the highest common divisor of 84 and n?
12
Let z(o) = -10*o + 13. Let v(j) = -11*j + 14. Let c(i) = 4*v(i) - 5*z(i). Let d be c(4). Calculate the highest common factor of 45 and d.
15
Let d = 87 - 21. What is the greatest common divisor of d and 44?
22
Let y = -240 + 400. Let u = -36 + 56. Calculate the highest common factor of y and u.
20
Suppose -4*w = 3*j + 2, j + 19 = -2*w - 3*w. Suppose -10*z + j*z + 36 = 0. Calculate the highest common factor of 72 and z.
9
Let d be 4/(-10) + 32/5. Calculate the highest common divisor of d and 42.
6
Let s = 7 + -4. Let f be -39*((-4)/s + 0). Let r = f - 30. Calculate the greatest common factor of r and 2.
2
Suppose 3*u - 4 = -3*r + 77, 0 = 5*u + 5. Calculate the greatest common factor of 252 and r.
28
Suppose -4*k - 352 = -4*n, -2*n + n = -5*k - 100. Let l be (4 + -5)/((-1)/n). What is the highest common divisor of l and 17?
17
Let z = 156 + -92. Let x be 7 - (-1)/(-2)*-2. What is the greatest common divisor of z and x?
8
Let b(r) = -3*r - 1. Let y be b(-1). Let h(j) = j**2 + 2. Let g be h(y). Let a be -2 + 14/8 - (-1519)/28. What is the highest common factor of g and a?
6
Let u be 0 - (-14 + 2/(-2)). Let b be (-4 + 3)*(-12)/1. Suppose -6*k = -10*k + b. What is the highest common divisor of u and k?
3
Let w = 4 - 2. Suppose 0 = 5*z - 4*x - 50, 0*x - 40 = -4*z - x. Suppose 4*j = -3*m - z + 82, 72 = 4*j - 2*m. What is the greatest common divisor of w and j?
2
Suppose -12 = -2*a - 2*q, -2*a + 4*q = q - 2. Calculate the greatest common divisor of a and 36.
4
Let h = -2 - -7. Suppose h*d = d + 16. Suppose -7 = -d*o + 73. Calculate the greatest common divisor of o and 8.
4
Suppose 4*t - g = 58, 5*g = 2*t + 2*g - 34. Let h be (-220)/(-35) + (-4)/t. Let z be h/(-5 + 2) + 14. Calculate the highest common divisor of 72 and z.
12
Let x be (384/(-16))/(2/(-3)). What is the greatest common divisor of 4 and x?
4
Let c(w) = -w**2 - 10*w + 8. Let u be c(-7). Let r = 65 - u. What is the highe